True
Is 223048649 composite?
False
Is 3643490563 a prime number?
False
Is 26337255877 prime?
True
Is 4026353819 a prime number?
False
Is 20184211159 prime?
False
Is 17132960422 composite?
True
Is 35689990967 prime?
True
Is 66595619 prime?
True
Is 6061842499 composite?
True
Is 82268269 prime?
True
Is 73288043 prime?
True
Is 407582557 composite?
False
Is 320064037 prime?
True
Is 25828338517 a prime number?
True
Is 567810179 a composite number?
False
Is 2840901029 a prime number?
False
Is 2502278917 a composite number?
False
Is 243846047 composite?
False
Is 830672555 a prime number?
False
Is 5185346249 a composite number?
True
Is 7654010053 prime?
True
Is 6609096119 prime?
False
Is 3582650987 a prime number?
True
Is 1834729999 prime?
True
Is 40684245779 a prime number?
True
Is 32406472847 a prime number?
False
Is 328899385 a composite number?
True
Is 2190133427 composite?
False
Is 222866029 composite?
True
Is 1370713823 composite?
True
Is 743236001 composite?
False
Is 57326970579 a prime number?
False
Is 1363408187 prime?
False
Is 44913647 prime?
True
Is 9504134 a composite number?
True
Is 4612209562 a prime number?
False
Is 793202819 a composite number?
False
Is 4644326229 composite?
True
Is 317647223 prime?
True
Is 15369221677 composite?
False
Is 27095213949 prime?
False
Is 32282850637 composite?
False
Is 20133580549 a composite number?
False
Is 33509989731 a composite number?
True
Is 961970039 prime?
False
Is 33793314311 a prime number?
True
Is 15149349251 a composite number?
False
Is 20414323661 a composite number?
False
Is 444581611 a prime number?
False
Is 87827879 prime?
True
Is 767706253 a prime number?
False
Is 7797272591 a prime number?
False
Is 826306501 composite?
True
Is 676717333 composite?
False
Is 28087009507 a prime number?
True
Is 343593624251 a prime number?
True
Is 535285957 composite?
False
Is 10409127613 prime?
True
Is 120585611437 a composite number?
True
Is 112969333 prime?
True
Is 1764397909 a composite number?
False
Is 560044861 a prime number?
True
Is 3293184383 a prime number?
False
Is 2140653547 a composite number?
True
Is 12217214851 composite?
False
Is 10082227345 a prime number?
False
Is 6848761607 a prime number?
False
Is 3032402369 prime?
True
Is 922934289 a composite number?
True
Is 6992877161 prime?
True
Is 47388382289 a composite number?
False
Is 1253531101 composite?
False
Is 654178067 a prime number?
True
Is 2613283613 prime?
False
Is 14032637 a composite number?
True
Is 15614227781 composite?
True
Is 2513613841 a prime number?
True
Is 35739399611 composite?
False
Is 1574935633 prime?
False
Is 2677996787 a composite number?
False
Is 97802897333 a prime number?
True
Is 202046997181 composite?
True
Is 92291791 prime?
False
Is 93252505583 prime?
True
Is 207815963 a prime number?
True
Is 40561571629 prime?
False
Is 5057283511 prime?
False
Is 35834288947 composite?
False
Is 631029967 prime?
True
Is 13954547927 composite?
False
Is 835835159 composite?
False
Is 320080447 composite?
True
Is 852752687 a prime number?
True
Is 4876495751 a prime number?
True
Is 262916287 prime?
True
Is 686846117 prime?
False
Is 6241565503 composite?
False
Is 3801058069 composite?
False
Is 2116777507 a composite number?
True
Is 5511535223 a prime number?
True
Is 25490069707 composite?
True
Is 15204262793 a prime number?
True
Is 97104495251 a prime number?
True
Is 53384781067 composite?
True
Is 1009074697 a prime number?
True
Is 12060050113 prime?
False
Is 30805741 composite?
False
Is 60647038 prime?
False
Is 2940492059 composite?
True
Is 58284333767 a composite number?
True
Is 4570283 composite?
False
Is 2889295754 a composite number?
True
Is 45857632673 a composite number?
False
Is 16285643533 a prime number?
False
Is 170667883 composite?
True
Is 9407085331 composite?
True
Is 250286798 a prime number?
False
Is 5059902697 composite?
False
Is 8170616059 composite?
True
Is 1809488531 a prime number?
True
Is 6827793719 a composite number?
False
Is 4333008551 prime?
True
Is 888203231 a composite number?
False
Is 4043737307 prime?
True
Is 56571408829 prime?
False
Is 699643219 prime?
False
Is 345636481 a composite number?
True
Is 5835131723 prime?
True
Is 9105457631 a composite number?
False
Is 471874429 prime?
False
Is 90027811 prime?
True
Is 2162374219 a prime number?
True
Is 84155153 composite?
True
Is 3226177673 a composite number?
True
Is 68299880837 a prime number?
False
Is 3109417105 a prime number?
False
Is 687187789 a composite number?
False
Is 1879430567 prime?
False
Is 2831608987 a composite number?
False
Is 871412341 a composite number?
True
Is 21473977039 a composite number?
True
Is 643701713 prime?
False
Is 787335947 a composite number?
True
Is 3075189773 a composite number?
False
Is 1613076869 a prime number?
True
Is 16755487201 prime?
True
Is 18144215977 composite?
False
Is 5169867221 a composite number?
False
Is 27147404257 a composite number?
False
Is 40426143653 a prime number?
False
Is 4204209979 composite?
False
Is 3969491983 prime?
False
Is 19139857355 prime?
False
Is 35488782271 composite?
False
Is 4217527709 prime?
True
Is 20369403433 a prime number?
True
Is 10341816227 a composite number?
True
Is 43439057 a prime number?
True
Is 19176725423 a composite number?
False
Is 7070976541 a composite number?
True
Is 4665566111 composite?
False
Is 144414947 prime?
False
Is 62528481077 a composite number?
True
Is 30194221 prime?
True
Is 37426604531 prime?
True
Is 31005638563 a composite number?
False
Is 591494009 a prime number?
True
Is 10311398143 a composite number?
True
Is 2141419403 composite?
True
Is 419132839 composite?
False
Is 3516508937 a composite number?
False
Is 22172893 a prime number?
True
Is 33124009319 prime?
True
Is 2928279301 a composite number?
False
Is 3655657319 a composite number?
False
Is 34010372959 a prime number?
False
Is 105723922253 prime?
True
Is 633939715 a composite number?
True
Is 4418542897 a composite number?
True
Is 45657395879 a prime number?
True
Is 748239797 a composite number?
False
Is 3077071799 a prime number?
True
Is 125324323993 a composite number?
True
Is 48251436503 a prime number?
False
Is 3322986221 a prime number?
True
Is 56547361751 composite?
False
Is 11004299 a composite number?
False
Is 1985465033 composite?
False
Is 490123763 prime?
False
Is 104682748391 a composite number?
True
Is 160497259 a prime number?
False
Is 8145594781 prime?
False
Is 1022762883 composite?
True
Is 122263433 prime?
True
Is 526161599 prime?
True
Is 22744100809 a prime number?
False
Is 6949162567 composite?
True
Is 76030009927 a prime number?
False
Is 981677213 a composite number?
True
Is 10184508007 composite?
False
Is 1774838693 prime?
True
Is 151870242917 composite?
True
Is 234480623 a composite number?
True
Is 396078702277 a prime number?
True
Is 30961137323 a composite number?
False
Is 1920032243 a prime number?
True
Is 9826047383 composite?
True
Is 170265899 a composite number?
False
Is 1744381307 a composite number?
True
Is 164419397 a composite number?
False
Is 5308999093 a composite number?
False
Is 57654916333 composite?
True
Is 99343895129 prime?
False
Is 451247 a composite number?
True
Is 12274001497 a prime number?
False
Is 53204393558 a composite number?
True
Is 5230165751 a prime number?
False
Is 66498743 a prime number?
True
Is 239787943 prime?
False
Is 7368421421 a composite number?
True
Is 52000003379 a prime number?
False
Is 2366687227 prime?
False
Is 31951150369 a prime number?
True
Is 1453021789 a prime number?
False
Is 242717161 a composite number?
False
Is 1941273839 prime?
False
Is 5152850243 a prime number?
False
Is 741566459 composite?
True
Is 2666129969 a prime number?
True
Is 57360359 composite?
True
Is 356492053 composite?
False
Is 551387003 a prime number?
False
Is 1838643865 a prime number?
False
Is 317199907 a composite number?
False
Is 55412590469 composite?
True
Is 17370915119 a composite number?
False
Is 8953919593 composite?
False
Is 3462124997 prime?
True
Is 11882133911 prime?
False
Is 432711787 composite?
False
Is 2666436559 prime?
True
Is 12256681211 a composite number?
False
Is 53853628663 a prime number?
True
Is 585331829 prime?
True
Is 12645531611 a prime number?
True
Is 3138083027 a prime number?
True
Is 1613822183 prime?
True
Is 119771452511 a composite num